False
Is 5064270 a multiple of 1408?
False
Is 339372 a multiple of 71?
False
Does 157 divide 785?
True
Does 16 divide 2099568?
True
Is 137890 a multiple of 31?
False
Is 132815 a multiple of 8?
False
Does 8 divide 11052936?
True
Does 170 divide 55760?
True
Is 61 a factor of 93879?
True
Is 288646 a multiple of 82?
False
Is 101088 a multiple of 243?
True
Is 51 a factor of 162040?
False
Is 131625 a multiple of 13?
True
Is 28 a factor of 1040732?
True
Does 111 divide 17123193?
True
Does 145 divide 2336187?
False
Does 37 divide 76733?
False
Does 38 divide 161386?
True
Is 24 a factor of 1032576?
True
Is 6038 a multiple of 3?
False
Does 320 divide 494720?
True
Does 18 divide 5948028?
True
Is 318809 a multiple of 198?
False
Is 1174 a factor of 14574036?
True
Is 3899664 a multiple of 108?
True
Is 4076095 a multiple of 718?
False
Is 5235456 a multiple of 136?
True
Does 5 divide 38564?
False
Is 163 a factor of 163?
True
Is 123900 a multiple of 60?
True
Is 1898680 a multiple of 51?
False
Does 100 divide 2289332?
False
Is 209 a factor of 8017637?
False
Is 159 a factor of 554115?
True
Is 10 a factor of 87553?
False
Is 136 a factor of 148480?
False
Is 119798 a multiple of 602?
True
Does 26 divide 97250?
False
Is 509249 a multiple of 24?
False
Does 512 divide 3660288?
True
Does 280 divide 1290520?
True
Does 191 divide 129880?
True
Does 6 divide 4332222?
True
Is 40 a factor of 1897345?
False
Is 28211 a multiple of 15?
False
Is 118677 a multiple of 41?
False
Is 956 a factor of 901263?
False
Is 241 a factor of 10363?
True
Is 119183 a multiple of 40?
False
Is 523 a factor of 2689789?
True
Is 231 a factor of 2556708?
True
Is 25025 a multiple of 175?
True
Is 28 a factor of 41664?
True
Does 635 divide 175895?
True
Is 221 a factor of 71400?
False
Is 19 a factor of 514875?
False
Is 379 a factor of 513166?
True
Is 29704 a multiple of 25?
False
Is 105 a factor of 17535?
True
Is 26378 a multiple of 11?
True
Is 339715 a multiple of 352?
False
Is 352628 a multiple of 10?
False
Does 2 divide 20850?
True
Is 57323 a multiple of 13?
False
Does 182 divide 7375004?
True
Is 927510 a multiple of 258?
True
Is 21011 a multiple of 11?
False
Is 3405591 a multiple of 1022?
False
Is 15 a factor of 226275?
True
Is 5712971 a multiple of 29?
True
Is 407706 a multiple of 78?
True
Does 223 divide 3568?
True
Is 1386 a multiple of 8?
False
Does 57 divide 246144?
False
Is 9344430 a multiple of 9?
True
Is 26 a factor of 115068?
False
Is 392080 a multiple of 13?
True
Does 52 divide 72228?
True
Is 252540 a multiple of 9?
True
Is 5795583 a multiple of 120?
False
Is 172 a factor of 546001?
False
Does 11 divide 4343761?
False
Is 2170954 a multiple of 337?
True
Does 16 divide 626798?
False
Does 235 divide 3923795?
True
Is 545615 a multiple of 54?
False
Does 17 divide 1110789?
False
Is 17534 a multiple of 40?
False
Is 10 a factor of 8793?
False
Is 14914617 a multiple of 391?
False
Is 1764442 a multiple of 14?
False
Is 2096495 a multiple of 23?
False
Is 2602321 a multiple of 424?
False
Does 20 divide 1160056?
False
Does 13 divide 39364?
True
Is 1336909 a multiple of 577?
True
Is 23 a factor of 93633?
True
Is 22770 a multiple of 1035?
True
Is 403 a factor of 6419319?
False
Is 6 a factor of 38774?
False
Is 87 a factor of 8787?
True
Is 315 a factor of 394203?
False
Is 51146 a multiple of 8?
False
Is 39216 a multiple of 4?
True
Is 109248 a multiple of 16?
True
Is 2907880 a multiple of 608?
False
Does 356 divide 172304?
True
Does 138 divide 9059010?
True
Is 11 a factor of 1439581?
True
Does 668 divide 12706387?
False
Is 83 a factor of 167672?
False
Is 35 a factor of 44370970?
True
Is 27 a factor of 587419?
False
Does 36 divide 235516?
False
Does 24 divide 4363704?
True
Does 7 divide 1241583?
True
Does 22 divide 3068936?
False
Is 563780 a multiple of 303?
False
Is 3924449 a multiple of 6?
False
Is 1067272 a multiple of 284?
True
Does 827 divide 1356232?
False
Is 18 a factor of 164700?
True
Is 12150 a multiple of 9?
True
Is 245584 a multiple of 184?
False
Is 900714 a multiple of 196?
False
Does 32 divide 11559?
False
Is 59640 a multiple of 303?
False
Does 15 divide 424050?
True
Does 145 divide 704471?
False
Does 326 divide 21569138?
True
Does 26 divide 5138822?
True
Does 97 divide 507213?
True
Does 15 divide 75810?
True
Does 48 divide 3086386?
False
Is 40663 a multiple of 17?
False
Is 11461406 a multiple of 157?
False
Is 9 a factor of 121767?
False
Does 3 divide 3467?
False
Does 16 divide 4018085?
False
Is 138 a factor of 2719842?
True
Is 15 a factor of 12419007?
False
Does 31 divide 197811?
True
Is 3922679 a multiple of 24?
False
Is 24 a factor of 5160?
True
Is 1097 a factor of 3171427?
True
Is 404155 a multiple of 11?
False
Does 7 divide 1312758?
False
Is 45558 a multiple of 4?
False
Is 975697 a multiple of 199?
True
Does 44 divide 32242?
False
Does 8 divide 105456?
True
Is 1608 a factor of 5273711?
False
Is 1031 a factor of 714699?
False
Is 15 a factor of 2343795?
True
Is 126 a factor of 873525?
False
Is 549 a factor of 455451?
False
Is 698 a factor of 11051720?
False
Does 80 divide 37360?
True
Is 212649 a multiple of 73?
True
Is 8 a factor of 3711138?
False
Is 7665811 a multiple of 41?
True
Does 220 divide 167640?
True
Does 38 divide 1638750?
True
Is 1990 a factor of 11146415?
False
Does 30 divide 320070?
True
Is 91100 a multiple of 138?
False
Is 218 a factor of 1974208?
True
Is 685 a factor of 222334?
False
Is 12 a factor of 72442?
False
Does 27 divide 349866?
True
Is 4 a factor of 1784304?
True
Does 34 divide 176064?
False
Does 2 divide 105195?
False
Is 1604 a factor of 5131876?
False
Does 54 divide 461160?
True
Does 21 divide 1986948?
False
Does 20 divide 7428320?
True
Is 45 a factor of 9124605?
True
Is 136 a factor of 576474?
False
Does 16 divide 11322?
False
Is 5 a factor of 8254430?
True
Is 12793116 a multiple of 196?
True
Does 112 divide 21504?
True
Is 97 a factor of 6572914?
True
Is 19 a factor of 1789049?
False
Does 15 divide 1379431?
False
Is 91 a factor of 229866?
True
Is 8 a factor of 541616?
True
Is 280952 a multiple of 14?
True
Does 24 divide 15751811?
False
Is 11 a factor of 552413?
False
Is 3 a factor of 2589912?
True
Does 272 divide 25296039?
False
Is 971361 a multiple of 221?
False
Does 31 divide 5036229?
True
Does 18 divide 190602?
True
Is 7626452 a multiple of 11?
False
Is 18 a factor of 247212?
True
Is 22 a factor of 199628?
True
Is 8 a factor of 9472?
True
Does 184 divide 529808?
False
Is 107 a factor of 1158439?
False
Is 296 a factor of 110408?
True
Is 519574 a multiple of 59?
False
Is 164 a factor of 286508?
True
Is 7 a factor of 2039369?
False
Does 48 divide 233029?
False
Is 75208 a multiple of 119?
True
Does 1005 divide 1313005?
False
Is 95 a factor of 54988?
False
Is 11 a factor of 102712?
False
Is 65830 a multiple of 3?
False
Does 206 divide 317858?
True
Is 219 a factor of 2019719?
False
Is 7019 even?
False
Is 42 a factor of 1059744?
True
Is 156384 a multiple of 15?
False
Does 201 divide 13482477?
True
Is 28 a factor of 2831081?
False
Is 4454 a multiple of 57?
False
Does 760 divide 8463360?
True
Is 1812127 a multiple of 1531?
False
Is 1338496 a multiple of 20?
False
Is 21 a factor of 84281?
False
Is 21123 a multiple of 10?
False
Is 9 a factor of 669173?
False
Does 67 divide 1479150?
False
Is 28 a factor of 392336?
True
Is 6370046 a multiple of 1050?
False
Is 5 a factor of 16491?
False
Does 97 divide 3320892?
True
Does 78 divide 5492448?
True
Is 21690 a multiple of 6?
True
Does 256 divide 795904?
True
Is 133 a factor of 175462?
False
Is 29 a factor of 280024?
True
Is 17287694 a multiple of 36?
False
Is 1011 a factor of 1868204?
False
Is 230 a multiple of 10?
True
Is 21 a factor of 328881?
True
Does 629 divide 8247152?
False
Is 874378 a multiple of 34?
True
Does 19 divide 2053567?
False
Does 495 divide 38115?
True
Is 559127 a multiple of 39?
False
Does 7 divide 88238?
False
Is 22223863 a multiple of 40?
False
Is 57164 a multiple of 53?
False
Is 527481 a multiple of 43?
True
Does 6 divide 5741?
False
Is 713106 a multiple of 687?
True
Is 894 a factor of 2954535?
False
Is 23 a factor of 5426321?
True
Does 13 divide 52142?
False
Is 115 a factor of 34020?
False
Does 1036 divide 2470173?
False
Is 502922 a multiple of 14?
True
Does 41 divide 1330204?
True
Is 71 a factor of 1215221?
F